12)/16*-14))?
2
Let j = 784 - 724. What is the remainder when j is divided by 18?
6
Suppose 308 = 4*c - 4*n, -c + 93 = -2*n + 21. Let d = 124 - c. Calculate the remainder when d is divided by 9.
6
Suppose 2*n = 10, -41 - 19 = -g - 4*n. Suppose -11*s + 76 = -1. What is the remainder when g is divided by s?
5
Suppose -4*s = 20, 2*v - 15 = -s + 2*s. Let o = 7 + -5. Suppose 0 = -p + o*n - 6*n + 20, n + 5 = p. What is the remainder when p is divided by v?
3
Let p = -370 + 409. Calculate the remainder when 116 is divided by p.
38
Suppose 0 = 3*i - 4*i - 4*j - 6, 5*j = -5*i - 15. Let u = 1018 + -990. What is the remainder when 27/(i/3 + 1) is divided by u?
25
Let a(i) = -i**2 - 8*i - 3. Let j = 97 + -86. Suppose -m + 41 = -3*u, 7*m = j*m + 5*u - 232. What is the remainder when m is divided by a(-6)?
8
What is the remainder when -10*(3/9 - 57/9) is divided by 31?
29
Suppose -2*q + 3*b + 58 = 0, -q + 132 = 3*q - 2*b. Let c = -6 + q. What is the remainder when c is divided by 10?
9
Let b(n) = 2*n**2 - 2. Let u be -3 + 17*(4 + -3). Let m = u + -11. What is the remainder when b(m) is divided by 9?
7
Calculate the remainder when -5 + (-23)/(184/(-3056)) is divided by 19.
16
Suppose 15*w - 10*w + 250 = 0. Let d = -48 - w. Calculate the remainder when 5 is divided by d.
1
Let a be ((-3)/2)/(12/(-16)). Suppose g = a*m, 5*m + 12 = -3*g - 21. Calculate the remainder when 10 is divided by g/(2/(3/(-3))).
1
Let z(w) = w. Let g(x) = -x. Let d(u) = u**3 - 4*u**2 + 3*u + 1. Let q be d(3). Let o(n) = q*g(n) - z(n). Calculate the remainder when o(-8) is divided by 9.
7
Calculate the remainder when 76 is divided by (-66)/(-110) + 54/10.
4
Suppose 0 = -5*u - u - 984. Let d = u + 282. What is the remainder when d is divided by (-1 - -10)/(6/20)?
28
Suppose -4*y = -q - 20 - 16, 3*y + 2*q - 38 = 0. Let a = y - -11. What is the remainder when a is divided by 11?
10
Suppose 0 = 12*o - 3*o + 873. Let i = o + 118. What is the remainder when 102 is divided by i?
18
Suppose 0 = 3*z - 20 - 1. What is the remainder when 18*(-8)/96 - 54/(-4) is divided by z?
5
Let f(t) = -t**2 + 10*t - 12. Let d be f(8). Suppose 6*s - 157 = -3*a + 2*s, 4*a + d*s = 208. What is the remainder when a is divided by 18?
15
Suppose 37*n = 6*n + 7533. What is the remainder when n is divided by 36?
27
Suppose -8*s + 6*s = -48. Suppose 3*j - s = -j. Calculate the remainder when 15 is divided by j.
3
Let f be (24/(-5))/8*(-10 - 0). Suppose 5*n - 3*v - 36 = 0, 3*v + 3 = 2*n - f. What is the remainder when 16 is divided by n?
7
Let d be (-775)/45 - 6/(-27). Let w = d - -42. Let u = 131 - w. Calculate the remainder when u is divided by 27.
25
Suppose -3*l = 9, 0*l - l = 4*d + 51. Calculate the remainder when 29 is divided by (d/(-10))/((-51)/(-935)).
7
What is the remainder when 204 is divided by (12/21)/((-70)/(-3185))?
22
Suppose -f - 2*q + 43 = 0, 0*f - 215 = -5*f + 2*q. Let p = 184 - 85. What is the remainder when f is divided by p/(-6)*(-6)/9?
10
Suppose 4*l + a + 1 = 0, 3*l - 3*a + 4 = 7. Suppose l = -4*b + 3*j + 244, 3*b - 5*j = 79 + 104. What is the remainder when b is divided by 16?
13
What is the remainder when (1 + -2)/((-39)/3666) is divided by 16?
14
Suppose 30*z - 31*z + j = -140, -724 = -5*z - 3*j. What is the remainder when z is divided by 21?
17
Let b be ((-3)/20 - (-2)/(-8))*-155. Let n = b + -35. Calculate the remainder when n is divided by 12.
3
Suppose 3*o - 393 = -3*i, 6*o = 7*o - 4*i - 121. What is the remainder when o is divided by 11?
8
Suppose 45*l - 47*l + 60 = 0. Let s(h) = -2*h**3 - h**2 - 5*h - 3. Calculate the remainder when s(-3) is divided by l.
27
Suppose -11*k + 40*k = 58. Calculate the remainder when 233 is divided by k.
1
Let w = 327 - 289. Calculate the remainder when 113 is divided by w.
37
Let s(y) = y**2 - 19*y - 37. What is the remainder when 8 is divided by s(21)?
3
Let z(h) = -h**2 + 10*h - 3. Calculate the remainder when z(5) is divided by (-468)/(-48) - 1/(-4).
2
Let q be ((-17)/(-3) - 4)/((-2)/(-60)). Let x = q - 34. Calculate the remainder when x is divided by 9.
7
Let p = 8 - 12. Calculate the remainder when -1 + (25 - -2) + p is divided by 7*(-2)/(-14)*6.
4
Let p = -146 - -69. Let c = 127 + p. What is the remainder when c is divided by 21?
8
Let w = 11 + -8. Let y be 144/3 + w + 1. Suppose -y = 3*f - 241. Calculate the remainder when f is divided by 22.
19
Suppose -3*h - 4*x + 12 = -2*x, 2*x + 4 = 5*h. Suppose -11*a = -h*a - 99. Calculate the remainder when 98 is divided by a.
10
Suppose -13*d + 843 = 76. What is the remainder when 409 is divided by d?
55
Suppose -4*y = -8, 32*j - 31*j + 3*y = 61. What is the remainder when j is divided by 7?
6
Suppose 84 = 4*a - o, -a - o = 31 - 57. Calculate the remainder when a is divided by 3.
1
Suppose 113 = -4*g - m + 386, 5*g = 2*m + 338. Suppose 6*c + 70 = -g. Let l = 31 + c. Calculate the remainder when 23 is divided by l.
7
Suppose 11*g - 2097 = 2*g. Calculate the remainder when g is divided by 59.
56
Let v(z) = -z**3 - 6*z**2 - 9*z + 1. Let l be v(-4). Suppose -d = -2*d - 5*q + 45, -l*q = -20. Calculate the remainder when d is divided by 7.
4
Suppose 0 = -u - 30 + 143. What is the remainder when 1354 is divided by u?
111
Let h = 103 - 80. Calculate the remainder when h is divided by 6.
5
Let h(v) = 92*v - 6. Let g(y) = -31*y + 2. Let b(x) = 17*g(x) + 6*h(x). Calculate the remainder when b(3) is divided by 37.
36
Let d = -405 + 496. Calculate the remainder when 998 is divided by d.
88
Suppose -4*h - 4*d + 122 = -322, d = -5*h + 543. What is the remainder when h is divided by 22?
20
Let l(i) = -21*i + 12. Let s be l(3). Let n = s - -71. What is the remainder when n is divided by 11?
9
Suppose -2*r + 379 = 4*q - 47, 3*r = 15. Let j = -45 + q. Suppose 0 = s + 3*s - 80. Calculate the remainder when j is divided by s.
19
Suppose -2*c + 1 + 25 = 3*h, -5*h - 8 = -4*c. What is the remainder when c is divided by 1/3 + 200/30?
0
Let d be (-25)/(-20)*8/2. Suppose -4*t + 164 + 44 = d*u, 2*u = 8. What is the remainder when t is divided by ((-24)/(-10))/(4/40)?
23
Let r = -48 - -50. Suppose -6 = -4*x - 2. Calculate the remainder when r is divided by x.
0
Suppose -5*m - 5 = 0, -6*n + 2*n - 2 = -2*m. Suppose 2*p + 3*l - 16 = -l, 0 = -5*l - 25. Calculate the remainder when ((-13)/3)/(n/12) is divided by p.
16
Suppose -4*q + 54 = -2*q - 4*a, -2*q - 5*a + 18 = 0. Let d = q - 14. Let o = 14 + d. Calculate the remainder when o is divided by 4.
3
Suppose -10*d + 9*d + 44 = 0. Calculate the remainder when d is divided by 28.
16
Let m(a) be the first derivative of 22*a**3/3 + a**2/2 + 2*a - 14. Calculate the remainder when m(-2) is divided by 45.
43
Let d be 13170/(-210) + (0 - (-2)/(-7)). Let o = -44 - d. What is the remainder when 75 is divided by o?
18
Suppose -11*h + 12*h - 24 = 0. Let f(l) = 68*l**2 + 1. Calculate the remainder when f(-1) is divided by h.
21
Suppose -6 = -2*t + 34. Let p(d) be the third derivative of d**6/120 + d**4/24 + 11*d**3/6 + d**2. Calculate the remainder when t is divided by p(0).
9
Suppose -1 + 3 = s. Suppose j = q - 30, s*q + j = -2*q + 115. What is the remainder when q is divided by 11?
7
Let k = -16 + 26. Suppose -3*u + 3*x = -0*u - 12, -k = -3*u + x. Suppose 3*i = 4*z - 38 + 59, 3*z + 15 = 2*i. Calculate the remainder when u is divided by i.
0
Suppose -4*m + 21 = -59. Let h(f) = -f**2 - 19*f + 42. What is the remainder when h(-17) is divided by m?
16
Let s = -1312 - -1631. What is the remainder when s is divided by 109?
101
Let t be 0/(20/4 + -3). Suppose t*l + 5*b - 39 = -3*l, 0 = -4*b + 12. Suppose 3*c - 44 = -c. What is the remainder when c is divided by l?
3
Suppose 4*l - 72 = -5*f, 2*f + 3*l = -3*f + 69. Suppose 3*h - 16 = 14. What is the remainder when 2*(-3)/f*-58 is divided by h?
9
Suppose 7*n - 2*j + 50 = 11*n, -n = 5*j - 8. Calculate the remainder when n is divided by 4.
1
What is the remainder when -3 - -1589 - (-250)/50 is divided by 59?
57
Let d = 470 + -460. Calculate the remainder when 33 is divided by d.
3
Let p(d) = d**3 + 9*d**2 - 37*d + 6. What is the remainder when 22*2*(-3)/(-4) is divided by p(-12)?
15
Let r(y) = 17*y + 273. Calculate the remainder when r(-8) is divided by 46.
45
Let q(t) = t**3 + 11*t**2 - t - 3. Let i be 2 - 4/1 - 9. Calculate the remainder when 13 is divided by 